 units digit of p?
5
Suppose 2*y - 89 = -5*i, -3*i - 7*y + 2*y = -61. Let s be i - 0/(-1) - 1. Suppose 0 = -3*z - 4 + s. What is the units digit of z?
4
Let y be 10/25 - (-66)/10. Suppose -h + y + 14 = 5*l, 2*l - 9 = -h. What is the units digit of l?
4
Let u(g) be the second derivative of g**3/6 + g**2 + 4*g. Let c be u(-6). What is the tens digit of c/(-14) - 192/(-14)?
1
Let k = 16 - 12. Suppose -5*o - k*t + 180 = -9*t, 4*o - 2*t = 152. What is the units digit of o?
0
Let m be 0 + 3 - (-9)/(-3). Suppose m = 5*n - 90 - 95. What is the units digit of n?
7
Let y(h) = 31*h**3 + 10*h**2 - 15*h + 1. What is the units digit of y(2)?
9
Suppose 4*x - 3 - 1 = 4*g, -5*x + 29 = g. Let r = -3 + x. Suppose -r*n + 3*f = -21, -4 = 2*n - 0*n + 2*f. What is the units digit of n?
3
Suppose -168 = -u - 2*u. What is the units digit of u?
6
Let n(x) = 5*x - 3. Let b(h) = h - 1. Let q(v) = -4*b(v) + n(v). What is the units digit of q(2)?
3
Let b = 11 - 7. What is the units digit of 23/b + 2/8?
6
Let d(l) = -l**2 + 3*l. Suppose 8 + 7 = 5*n. Let f be d(n). Suppose -2*q + w + 8 = f, -q - 6*w + w = -15. What is the units digit of q?
5
Let f(b) = 8*b**2 + b - 1. Let i be (1/2)/((-2)/(-4)). Let g = 2 - i. What is the units digit of f(g)?
8
Let o = -2 + -2. What is the tens digit of 4 + o + 2 + 11?
1
Suppose 0*u = -3*u + 81. Suppose -c + u = 15. What is the units digit of c?
2
What is the tens digit of 6/(-8) + (-15)/60 - -15?
1
Suppose -3*k + 5*n + 22 = 8, 4*k = 2*n + 28. What is the units digit of k?
8
Let s = 4 + -9. Let q = s + 6. What is the units digit of q?
1
Suppose 2*u - 13 = -5*v, -5*v + 7 + 7 = u. Let b(x) be the second derivative of x**4/12 - x**3/6 - 2*x. What is the units digit of b(v)?
6
Let z = -5 - -7. Suppose z + 13 = -3*a. Let c = a + 6. What is the units digit of c?
1
Suppose 4*n + 4*t = 12, 3*t - 3 = -n + 5*t. Suppose -n*q + 75 = 4*o, -4*q + o = 5*o - 96. What is the units digit of q?
1
Let c be 6/(-3 + 0) + 50. Suppose -o = 5*z - 45, -2 = 2*o - z - c. What is the units digit of o?
5
Suppose -2*c + 7*c - 160 = 0. Suppose 0 = -4*p + p + 2*w + 27, 0 = 5*p + w - c. What is the units digit of p?
7
Suppose -3*w + 60 = 2*w. Let s = -3 + w. What is the units digit of s?
9
Let m(f) = 73*f**2 + 11*f + 1. What is the units digit of m(2)?
5
What is the units digit of (-120)/70*(-7)/2?
6
Let m(a) = a**2 + a + 24. Let q be m(0). Suppose 2*n - 99 = -3*p, 4*p - 2*n + 0*n - 146 = 0. Let l = p - q. What is the tens digit of l?
1
Let u(r) = r**3 - 3*r**2 - 7*r - 2. Suppose -s + 0 + 5 = 0. What is the tens digit of u(s)?
1
Let f = -8 - -55. What is the tens digit of f?
4
Suppose 0*t + 5*t + 90 = 5*r, -4*t + 5*r = 72. Let x = t - -29. What is the tens digit of x?
1
Suppose -4*h - 4*n + 656 = -3*n, -5*h + 5*n + 845 = 0. What is the hundreds digit of h?
1
Suppose 295 = 11*n - 156. What is the tens digit of n?
4
Suppose -65*r - 97 = -66*r. What is the tens digit of r?
9
Suppose -6*h + h + 255 = 0. What is the units digit of h?
1
Let g(r) = r**3 + r + 1. Let q be g(0). Suppose 0 = -3*i + 23 + q. Let h = i - 2. What is the units digit of h?
6
Let q = 5 - 1. Suppose 3*u - 2*u - 14 = -2*z, 5*u = q*z. What is the units digit of z?
5
Let t(z) = z + 4 - 2*z + 2 - 4. What is the tens digit of t(-12)?
1
Let w = 0 - 1. Let t(g) = g**3 + 3*g**2 + 2*g - 3. Let h be t(-3). Let p = w - h. What is the units digit of p?
8
Let n = 86 - 50. What is the tens digit of n?
3
Let j = 314 - 154. What is the units digit of j?
0
Suppose 9 = 4*m - 5*j, -5*m + 4*j = 8*j - 1. What is the units digit of m?
1
Let h be 3 - (1 - (-2 + 4)). Suppose -h*t + 119 = g, -2*t + g - 17 = -78. Suppose 0 = 3*x - 3*j - t, j + 1 = -1. What is the units digit of x?
8
Let s = 6 + 6. What is the units digit of (63/s)/(3/8)?
4
Suppose -2*u + 48 = 4*b, 24 + 58 = 5*b - 3*u. Let a = b - 5. What is the units digit of a?
9
Let z(x) = -30*x - 2. What is the tens digit of z(-8)?
3
Let o(n) = -n**2 - 3*n + 1. Let q be o(-3). What is the units digit of q*(4/(-2) - -16)?
4
Let y = -9 + 11. Suppose y*i - 36 - 10 = 0. What is the units digit of i?
3
Let z be (5 + -6)*(3 + -1). Let u be (-1 - z)/(2/(-4)). What is the units digit of -4*15/(-6) + u?
8
Suppose -s + 4 = -3*s. Let a be s*(-3)/(-6) + 1. Suppose -5*m = 3*v - 0*m + 2, -2*m - 2 = a. What is the units digit of v?
1
Let a(y) = 3*y**2 + y + 1. What is the tens digit of a(-2)?
1
Let n be 15*-1*8*-1. Suppose 0 = 3*s + s - n. What is the units digit of 2/8 + s/8?
4
Let s(d) = d**2 - 3*d. Let q be s(3). Let w be q + (-1)/((-2)/(-4)). What is the units digit of w/(-6)*0 + 12?
2
Suppose 173 - 8 = 5*h. Let a = h - 15. What is the units digit of a?
8
What is the tens digit of 251 + (0*2/8)/(-1)?
5
Let v(g) = 4 - 4*g**2 - 4 - 2*g**3 - 3*g. What is the units digit of v(-3)?
7
Let i = -196 + 410. What is the tens digit of i?
1
Suppose -u = 4 - 2. Let j be (3/4)/(u/8). What is the units digit of ((-8)/j)/((-6)/(-18))?
8
Let w(m) = -m**3 - 6*m**2 - 3*m + 7. Let x be w(-5). Let o be x/(-3 - 0) - 2. Let i = o - -5. What is the units digit of i?
4
Let q(f) = f**2 + 13*f + 22. What is the units digit of q(-15)?
2
Let m(r) = -r**3 + 5*r**2 + r - 6. Let s be m(5). What is the tens digit of s/(1 - 3)*26?
1
Suppose -2*o + m = -51, 0 = o - 2*m - m - 28. What is the units digit of o?
5
Let j(f) = 120*f - 1. What is the hundreds digit of j(1)?
1
Suppose w + 13 = 2*w. Let j = w + -9. What is the units digit of j?
4
Let x = -6 - -8. Suppose x*i - 5 = 7. What is the units digit of i?
6
Suppose 0 = 2*o - 6. Suppose 120 = o*s - s. What is the units digit of s?
0
Let h be 4/(8/(-22)) + -2. Let w = h - -19. What is the units digit of w?
6
Suppose 0 = -s + 4*s + 21. Let c = 12 + s. Suppose -18 = -c*k + 22. What is the units digit of k?
8
Let z = -2 - -7. Suppose -1 = -x, 4*h + 0*h = 5*x + 7. Suppose 3*t - t + z*b = 17, 5*t + h*b = 33. What is the units digit of t?
6
Let n(f) = -f**3 + 6*f**2 + 7*f - 5. Let y be n(7). Let z be 1*2*y/(-2). Let c = z - 2. What is the units digit of c?
3
Suppose -w + 10 = -6. Suppose -6 - 16 = -m. Let d = m - w. What is the units digit of d?
6
Let z be (1 + 23)/(2/2). Let i = -17 + z. Suppose 4*p = 3*m - i*m + 24, 2*m = 2. What is the units digit of p?
5
Let o(a) = -a. Let t(u) = 4*u + 3. Let g(b) = -2*o(b) - t(b). What is the units digit of g(-3)?
3
Let t(o) = 5*o**3 + 2*o**2 + 2*o + 2. Let b be t(-2). What is the tens digit of (-1084)/b - (-20)/170?
3
Suppose -5*n + 60 = -0*n. What is the units digit of n?
2
Let q be -32*(3 + -2 + -2). Suppose -2*b = -6*b + q. Let u = 14 - b. What is the units digit of u?
6
Let g(m) = m**3 - 2*m**2 + m + 58. What is the tens digit of g(0)?
5
Suppose -4*u - 30 = -u. Let k = u + 33. What is the tens digit of k?
2
Let p be -6*(-1 - 1/(-3)). Suppose -p*a + 17 = 5. What is the units digit of a?
3
Let u = 15 + 5. What is the tens digit of u?
2
Suppose 3*j + 2*j - 40 = 0. What is the units digit of j?
8
Let p(f) = 5*f**3 + f + 1. Let z be p(-1). What is the units digit of 4/z*(-15)/2?
6
Let w = -53 + 81. What is the tens digit of w?
2
Suppose 82 = 3*v - 44. What is the units digit of v?
2
Let u = -23 - -38. What is the units digit of (-2)/5 + 126/u?
8
Let n(k) = -9*k - 1. Let u be n(-1). Let w = u + 2. Let l = w - 4. What is the units digit of l?
6
Let k(n) = -n**2 + 6*n + 4. Suppose -s + 4*s - 23 = -5*t, -2*s + 2*t = -10. What is the units digit of k(s)?
4
Let f(z) be the second derivative of z**5/20 + z**4/4 + z**3/3 + z**2 + 3*z. What is the units digit of f(-2)?
2
Suppose -3*a = -3*l - 513, 0 = -3*a + 5*a - 3*l - 338. What is the tens digit of a?
7
Suppose -4*a = -6*a - 2360. What is the tens digit of (-4)/18 - a/45?
2
Let p(q) = 50*q**2 + q. Let z be p(1). Suppose -22 = -n - t, -3*t = 5*n - z - 49. What is the tens digit of n?
1
Suppose 2*d - 5*v = -2*d + 4, 2*d = 4*v + 8. Let l be 3/3*-1*d. Let n = l + -2. What is the units digit of n?
2
Let r be 0 + 3 + 3 + -3. Suppose -l = 1 - r. What is the units digit of l?
2
Let g(q) = -8*q + 4*q**2 + 7*q + 0 - 5. Let k be g(-5). Suppose -6*h + k = -h. What is the units digit of h?
0
Suppose 0 = -y + 5*y - 116. What is the units digit of y?
9
Suppose -2*p = 5*k - 44 - 24, 3*p = -2*k + 36. Suppose -c = -3*c + k. What is the units digit of c?
6
Suppose -3*i = 5*w - 19, -3*w - 2 + 8 = 0. Suppose 3*t = 4*g +